{"id":2315,"date":"2023-05-22T11:49:21","date_gmt":"2023-05-22T09:49:21","guid":{"rendered":"https:\/\/in-my-world.com\/5-jojo\/produit\/baby-pack-moons\/"},"modified":"2024-01-18T13:43:49","modified_gmt":"2024-01-18T12:43:49","slug":"baby-pack-moons","status":"publish","type":"product","link":"https:\/\/in-my-world.com\/5-jojo\/produit\/baby-pack-moons\/","title":{"rendered":"BABY PACK MOONS"},"content":{"rendered":"<p style=\"text-align: left;\">en canevas polyester recycl\u00e9 enduit au dos (imperm\u00e9able).<\/p>\n<p style=\"margin-top: 0px; margin-bottom: 1rem; font-size: 15px; font-family: Abel, sans-serif; text-align: left;\">bretelles r\u00e9glables en coton, poign\u00e9e en sangle coton.<\/p>\n<p style=\"margin-top: 0px; margin-bottom: 1rem; font-size: 15px; font-family: Abel, sans-serif; text-align: left;\">Poche avant zipp\u00e9e.<\/p>\n<p style=\"text-align: left;\">Taille 21cm x 28cm x 6cm<\/p>\n<p style=\"text-align: left;\"><span style=\"font-family: Abel, sans-serif; font-size: 15px;\">*emballage r\u00e9utilisable en coton bio<\/span><\/p>\n","protected":false},"excerpt":{"rendered":"<div id=\"product-description-short-387\">\n<p style=\"margin-top: 0px; margin-bottom: 1rem; font-size: 15px; font-family: Abel, sans-serif; text-align: left;\">Mini sac a dos con\u00e7u pour la maternelle et les ballades d\u00e8s 3 ans.<\/p>\n<p style=\"margin-top: 0px; margin-bottom: 1rem; font-size: 15px; font-family: Abel, sans-serif; text-align: left;\">tr\u00e8s l\u00e9ger, confortable et r\u00e9sistant \u00e0 l&#8217;eau.<\/p>\n<p style=\"text-align: left;\">\n<\/div>\n","protected":false},"featured_media":9145,"comment_status":"open","ping_status":"closed","template":"","meta":[],"product_cat":[30,102,126,38,116,52,34,56,62,186,198],"product_tag":[],"acf":[],"yoast_head":"<!-- This site is optimized with the Yoast SEO plugin v21.9 - https:\/\/yoast.com\/wordpress\/plugins\/seo\/ -->\n<title>BABY PACK MOONS - JOJO Factory<\/title>\n<meta name=\"description\" content=\"Mini sac a dos con\u00e7u pour la maternelle,\u00a0la\u00a0primaire et les ballades de 3 \u00e0 6 ans, tr\u00e8s l\u00e9ger, confortable et r\u00e9sistant \u00e0 l&#039;eau.\" \/>\n<meta name=\"robots\" content=\"index, follow, max-snippet:-1, max-image-preview:large, max-video-preview:-1\" \/>\n<link rel=\"canonical\" href=\"https:\/\/in-my-world.com\/5-jojo\/produit\/baby-pack-moons\/\" \/>\n<meta property=\"og:locale\" content=\"fr_FR\" \/>\n<meta property=\"og:type\" content=\"article\" \/>\n<meta property=\"og:title\" content=\"BABY PACK MOONS - JOJO Factory\" \/>\n<meta property=\"og:description\" content=\"Mini sac a dos con\u00e7u pour la maternelle,\u00a0la\u00a0primaire et les ballades de 3 \u00e0 6 ans, tr\u00e8s l\u00e9ger, confortable et r\u00e9sistant \u00e0 l&#039;eau.\" \/>\n<meta property=\"og:url\" content=\"https:\/\/in-my-world.com\/5-jojo\/produit\/baby-pack-moons\/\" \/>\n<meta property=\"og:site_name\" content=\"JOJO Factory\" \/>\n<meta property=\"article:publisher\" content=\"https:\/\/www.facebook.com\/p\/Jojo-Factory-100067143638106\/\" \/>\n<meta property=\"article:modified_time\" content=\"2024-01-18T12:43:49+00:00\" \/>\n<meta property=\"og:image\" content=\"https:\/\/in-my-world.com\/5-jojo\/wp-content\/uploads\/2023\/05\/BABY-PACK-MOON-FRONT-3760297784157-.jpg\" \/>\n\t<meta property=\"og:image:width\" content=\"528\" \/>\n\t<meta property=\"og:image:height\" content=\"528\" \/>\n\t<meta property=\"og:image:type\" content=\"image\/jpeg\" \/>\n<meta name=\"twitter:card\" content=\"summary_large_image\" \/>\n<meta name=\"twitter:label1\" content=\"Dur\u00e9e de lecture estim\u00e9e\" \/>\n\t<meta name=\"twitter:data1\" content=\"1 minute\" \/>\n<script type=\"application\/ld+json\" class=\"yoast-schema-graph\">{\"@context\":\"https:\/\/schema.org\",\"@graph\":[{\"@type\":\"WebPage\",\"@id\":\"https:\/\/in-my-world.com\/5-jojo\/produit\/baby-pack-moons\/\",\"url\":\"https:\/\/in-my-world.com\/5-jojo\/produit\/baby-pack-moons\/\",\"name\":\"BABY PACK MOONS - JOJO Factory\",\"isPartOf\":{\"@id\":\"https:\/\/in-my-world.com\/5-jojo\/#website\"},\"datePublished\":\"2023-05-22T09:49:21+00:00\",\"dateModified\":\"2024-01-18T12:43:49+00:00\",\"description\":\"Mini sac a dos con\u00e7u pour la maternelle,\u00a0la\u00a0primaire et les ballades de 3 \u00e0 6 ans, tr\u00e8s l\u00e9ger, confortable et r\u00e9sistant \u00e0 l'eau.\",\"breadcrumb\":{\"@id\":\"https:\/\/in-my-world.com\/5-jojo\/produit\/baby-pack-moons\/#breadcrumb\"},\"inLanguage\":\"fr-FR\",\"potentialAction\":[{\"@type\":\"ReadAction\",\"target\":[\"https:\/\/in-my-world.com\/5-jojo\/produit\/baby-pack-moons\/\"]}]},{\"@type\":\"BreadcrumbList\",\"@id\":\"https:\/\/in-my-world.com\/5-jojo\/produit\/baby-pack-moons\/#breadcrumb\",\"itemListElement\":[{\"@type\":\"ListItem\",\"position\":1,\"name\":\"Accueil\",\"item\":\"https:\/\/in-my-world.com\/5-jojo\/\"},{\"@type\":\"ListItem\",\"position\":2,\"name\":\"Boutique\",\"item\":\"https:\/\/in-my-world.com\/5-jojo\/boutique-2\/\"},{\"@type\":\"ListItem\",\"position\":3,\"name\":\"BABY PACK MOONS\"}]},{\"@type\":\"WebSite\",\"@id\":\"https:\/\/in-my-world.com\/5-jojo\/#website\",\"url\":\"https:\/\/in-my-world.com\/5-jojo\/\",\"name\":\"JOJO Factory\",\"description\":\"\",\"publisher\":{\"@id\":\"https:\/\/in-my-world.com\/5-jojo\/#organization\"},\"potentialAction\":[{\"@type\":\"SearchAction\",\"target\":{\"@type\":\"EntryPoint\",\"urlTemplate\":\"https:\/\/in-my-world.com\/5-jojo\/?s={search_term_string}\"},\"query-input\":\"required name=search_term_string\"}],\"inLanguage\":\"fr-FR\"},{\"@type\":\"Organization\",\"@id\":\"https:\/\/in-my-world.com\/5-jojo\/#organization\",\"name\":\"JOJO Factory\",\"url\":\"https:\/\/in-my-world.com\/5-jojo\/\",\"logo\":{\"@type\":\"ImageObject\",\"inLanguage\":\"fr-FR\",\"@id\":\"https:\/\/in-my-world.com\/5-jojo\/#\/schema\/logo\/image\/\",\"url\":\"https:\/\/in-my-world.com\/5-jojo\/wp-content\/uploads\/2023\/11\/cropped-favicon-jojo-factory.jpg\",\"contentUrl\":\"https:\/\/in-my-world.com\/5-jojo\/wp-content\/uploads\/2023\/11\/cropped-favicon-jojo-factory.jpg\",\"width\":512,\"height\":512,\"caption\":\"JOJO Factory\"},\"image\":{\"@id\":\"https:\/\/in-my-world.com\/5-jojo\/#\/schema\/logo\/image\/\"},\"sameAs\":[\"https:\/\/www.facebook.com\/p\/Jojo-Factory-100067143638106\/\",\"https:\/\/www.instagram.com\/jojofactory\/\"]}]}<\/script>\n<!-- \/ Yoast SEO plugin. -->","yoast_head_json":{"title":"BABY PACK MOONS - JOJO Factory","description":"Mini sac a dos con\u00e7u pour la maternelle,\u00a0la\u00a0primaire et les ballades de 3 \u00e0 6 ans, tr\u00e8s l\u00e9ger, confortable et r\u00e9sistant \u00e0 l'eau.","robots":{"index":"index","follow":"follow","max-snippet":"max-snippet:-1","max-image-preview":"max-image-preview:large","max-video-preview":"max-video-preview:-1"},"canonical":"https:\/\/in-my-world.com\/5-jojo\/produit\/baby-pack-moons\/","og_locale":"fr_FR","og_type":"article","og_title":"BABY PACK MOONS - JOJO Factory","og_description":"Mini sac a dos con\u00e7u pour la maternelle,\u00a0la\u00a0primaire et les ballades de 3 \u00e0 6 ans, tr\u00e8s l\u00e9ger, confortable et r\u00e9sistant \u00e0 l'eau.","og_url":"https:\/\/in-my-world.com\/5-jojo\/produit\/baby-pack-moons\/","og_site_name":"JOJO Factory","article_publisher":"https:\/\/www.facebook.com\/p\/Jojo-Factory-100067143638106\/","article_modified_time":"2024-01-18T12:43:49+00:00","og_image":[{"width":528,"height":528,"url":"https:\/\/in-my-world.com\/5-jojo\/wp-content\/uploads\/2023\/05\/BABY-PACK-MOON-FRONT-3760297784157-.jpg","type":"image\/jpeg"}],"twitter_card":"summary_large_image","twitter_misc":{"Dur\u00e9e de lecture estim\u00e9e":"1 minute"},"schema":{"@context":"https:\/\/schema.org","@graph":[{"@type":"WebPage","@id":"https:\/\/in-my-world.com\/5-jojo\/produit\/baby-pack-moons\/","url":"https:\/\/in-my-world.com\/5-jojo\/produit\/baby-pack-moons\/","name":"BABY PACK MOONS - JOJO Factory","isPartOf":{"@id":"https:\/\/in-my-world.com\/5-jojo\/#website"},"datePublished":"2023-05-22T09:49:21+00:00","dateModified":"2024-01-18T12:43:49+00:00","description":"Mini sac a dos con\u00e7u pour la maternelle,\u00a0la\u00a0primaire et les ballades de 3 \u00e0 6 ans, tr\u00e8s l\u00e9ger, confortable et r\u00e9sistant \u00e0 l'eau.","breadcrumb":{"@id":"https:\/\/in-my-world.com\/5-jojo\/produit\/baby-pack-moons\/#breadcrumb"},"inLanguage":"fr-FR","potentialAction":[{"@type":"ReadAction","target":["https:\/\/in-my-world.com\/5-jojo\/produit\/baby-pack-moons\/"]}]},{"@type":"BreadcrumbList","@id":"https:\/\/in-my-world.com\/5-jojo\/produit\/baby-pack-moons\/#breadcrumb","itemListElement":[{"@type":"ListItem","position":1,"name":"Accueil","item":"https:\/\/in-my-world.com\/5-jojo\/"},{"@type":"ListItem","position":2,"name":"Boutique","item":"https:\/\/in-my-world.com\/5-jojo\/boutique-2\/"},{"@type":"ListItem","position":3,"name":"BABY PACK MOONS"}]},{"@type":"WebSite","@id":"https:\/\/in-my-world.com\/5-jojo\/#website","url":"https:\/\/in-my-world.com\/5-jojo\/","name":"JOJO Factory","description":"","publisher":{"@id":"https:\/\/in-my-world.com\/5-jojo\/#organization"},"potentialAction":[{"@type":"SearchAction","target":{"@type":"EntryPoint","urlTemplate":"https:\/\/in-my-world.com\/5-jojo\/?s={search_term_string}"},"query-input":"required name=search_term_string"}],"inLanguage":"fr-FR"},{"@type":"Organization","@id":"https:\/\/in-my-world.com\/5-jojo\/#organization","name":"JOJO Factory","url":"https:\/\/in-my-world.com\/5-jojo\/","logo":{"@type":"ImageObject","inLanguage":"fr-FR","@id":"https:\/\/in-my-world.com\/5-jojo\/#\/schema\/logo\/image\/","url":"https:\/\/in-my-world.com\/5-jojo\/wp-content\/uploads\/2023\/11\/cropped-favicon-jojo-factory.jpg","contentUrl":"https:\/\/in-my-world.com\/5-jojo\/wp-content\/uploads\/2023\/11\/cropped-favicon-jojo-factory.jpg","width":512,"height":512,"caption":"JOJO Factory"},"image":{"@id":"https:\/\/in-my-world.com\/5-jojo\/#\/schema\/logo\/image\/"},"sameAs":["https:\/\/www.facebook.com\/p\/Jojo-Factory-100067143638106\/","https:\/\/www.instagram.com\/jojofactory\/"]}]}},"_links":{"self":[{"href":"https:\/\/in-my-world.com\/5-jojo\/wp-json\/wp\/v2\/product\/2315"}],"collection":[{"href":"https:\/\/in-my-world.com\/5-jojo\/wp-json\/wp\/v2\/product"}],"about":[{"href":"https:\/\/in-my-world.com\/5-jojo\/wp-json\/wp\/v2\/types\/product"}],"replies":[{"embeddable":true,"href":"https:\/\/in-my-world.com\/5-jojo\/wp-json\/wp\/v2\/comments?post=2315"}],"wp:featuredmedia":[{"embeddable":true,"href":"https:\/\/in-my-world.com\/5-jojo\/wp-json\/wp\/v2\/media\/9145"}],"wp:attachment":[{"href":"https:\/\/in-my-world.com\/5-jojo\/wp-json\/wp\/v2\/media?parent=2315"}],"wp:term":[{"taxonomy":"product_cat","embeddable":true,"href":"https:\/\/in-my-world.com\/5-jojo\/wp-json\/wp\/v2\/product_cat?post=2315"},{"taxonomy":"product_tag","embeddable":true,"href":"https:\/\/in-my-world.com\/5-jojo\/wp-json\/wp\/v2\/product_tag?post=2315"}],"curies":[{"name":"wp","href":"https:\/\/api.w.org\/{rel}","templated":true}]}}

<p style="text-align: left;">en canevas polyester recyclé enduit au dos (imperméable).</p>
<p style="margin-top: 0px; margin-bottom: 1rem; font-size: 15px; font-family: Abel, sans-serif; text-align: left;">bretelles réglables en coton, poignée en sangle coton.</p>
<p style="margin-top: 0px; margin-bottom: 1rem; font-size: 15px; font-family: Abel, sans-serif; text-align: left;">Poche avant zippée.</p>
<p style="text-align: left;">Taille 21cm x 28cm x 6cm</p>
<p style="text-align: left;"><span style="font-family: Abel, sans-serif; font-size: 15px;">*emballage réutilisable en coton bio</span></p>

<div id="product-description-short-387">
<p style="margin-top: 0px; margin-bottom: 1rem; font-size: 15px; font-family: Abel, sans-serif; text-align: left;">Mini sac a dos conçu pour la maternelle et les ballades dès 3 ans.</p>
<p style="margin-top: 0px; margin-bottom: 1rem; font-size: 15px; font-family: Abel, sans-serif; text-align: left;">très léger, confortable et résistant à l&#8217;eau.</p>
<p style="text-align: left;">
</div>

<!-- This site is optimized with the Yoast SEO plugin v21.9 - https://yoast.com/wordpress/plugins/seo/ -->
<title>BABY PACK MOONS - JOJO Factory</title>
<meta name="description" content="Mini sac a dos conçu pour la maternelle, la primaire et les ballades de 3 à 6 ans, très léger, confortable et résistant à l&#039;eau." />
<meta name="robots" content="index, follow, max-snippet:-1, max-image-preview:large, max-video-preview:-1" />
<link rel="canonical" href="https://in-my-world.com/5-jojo/produit/baby-pack-moons/" />
<meta property="og:locale" content="fr_FR" />
<meta property="og:type" content="article" />
<meta property="og:title" content="BABY PACK MOONS - JOJO Factory" />
<meta property="og:description" content="Mini sac a dos conçu pour la maternelle, la primaire et les ballades de 3 à 6 ans, très léger, confortable et résistant à l&#039;eau." />
<meta property="og:url" content="https://in-my-world.com/5-jojo/produit/baby-pack-moons/" />
<meta property="og:site_name" content="JOJO Factory" />
<meta property="article:publisher" content="https://www.facebook.com/p/Jojo-Factory-100067143638106/" />
<meta property="article:modified_time" content="2024-01-18T12:43:49+00:00" />
<meta property="og:image" content="https://in-my-world.com/5-jojo/wp-content/uploads/2023/05/BABY-PACK-MOON-FRONT-3760297784157-.jpg" />
	<meta property="og:image:width" content="528" />
	<meta property="og:image:height" content="528" />
	<meta property="og:image:type" content="image/jpeg" />
<meta name="twitter:card" content="summary_large_image" />
<meta name="twitter:label1" content="Durée de lecture estimée" />
	<meta name="twitter:data1" content="1 minute" />
<script type="application/ld+json" class="yoast-schema-graph">{"@context":"https://schema.org","@graph":[{"@type":"WebPage","@id":"https://in-my-world.com/5-jojo/produit/baby-pack-moons/","url":"https://in-my-world.com/5-jojo/produit/baby-pack-moons/","name":"BABY PACK MOONS - JOJO Factory","isPartOf":{"@id":"https://in-my-world.com/5-jojo/#website"},"datePublished":"2023-05-22T09:49:21+00:00","dateModified":"2024-01-18T12:43:49+00:00","description":"Mini sac a dos conçu pour la maternelle, la primaire et les ballades de 3 à 6 ans, très léger, confortable et résistant à l'eau.","breadcrumb":{"@id":"https://in-my-world.com/5-jojo/produit/baby-pack-moons/#breadcrumb"},"inLanguage":"fr-FR","potentialAction":[{"@type":"ReadAction","target":["https://in-my-world.com/5-jojo/produit/baby-pack-moons/"]}]},{"@type":"BreadcrumbList","@id":"https://in-my-world.com/5-jojo/produit/baby-pack-moons/#breadcrumb","itemListElement":[{"@type":"ListItem","position":1,"name":"Accueil","item":"https://in-my-world.com/5-jojo/"},{"@type":"ListItem","position":2,"name":"Boutique","item":"https://in-my-world.com/5-jojo/boutique-2/"},{"@type":"ListItem","position":3,"name":"BABY PACK MOONS"}]},{"@type":"WebSite","@id":"https://in-my-world.com/5-jojo/#website","url":"https://in-my-world.com/5-jojo/","name":"JOJO Factory","description":"","publisher":{"@id":"https://in-my-world.com/5-jojo/#organization"},"potentialAction":[{"@type":"SearchAction","target":{"@type":"EntryPoint","urlTemplate":"https://in-my-world.com/5-jojo/?s={search_term_string}"},"query-input":"required name=search_term_string"}],"inLanguage":"fr-FR"},{"@type":"Organization","@id":"https://in-my-world.com/5-jojo/#organization","name":"JOJO Factory","url":"https://in-my-world.com/5-jojo/","logo":{"@type":"ImageObject","inLanguage":"fr-FR","@id":"https://in-my-world.com/5-jojo/#/schema/logo/image/","url":"https://in-my-world.com/5-jojo/wp-content/uploads/2023/11/cropped-favicon-jojo-factory.jpg","contentUrl":"https://in-my-world.com/5-jojo/wp-content/uploads/2023/11/cropped-favicon-jojo-factory.jpg","width":512,"height":512,"caption":"JOJO Factory"},"image":{"@id":"https://in-my-world.com/5-jojo/#/schema/logo/image/"},"sameAs":["https://www.facebook.com/p/Jojo-Factory-100067143638106/","https://www.instagram.com/jojofactory/"]}]}</script>
<!-- / Yoast SEO plugin. -->

Mini sac a dos conçu pour la maternelle, la primaire et les ballades de 3 à 6 ans, très léger, confortable et résistant à l'eau.
