{"id":2264,"date":"2023-05-22T11:29:06","date_gmt":"2023-05-22T09:29:06","guid":{"rendered":"https:\/\/in-my-world.com\/5-jojo\/produit\/vertical-cartable-stars\/"},"modified":"2024-01-03T14:12:36","modified_gmt":"2024-01-03T13:12:36","slug":"vertical-cartable-stars","status":"publish","type":"product","link":"https:\/\/in-my-world.com\/5-jojo\/produit\/vertical-cartable-stars\/","title":{"rendered":"VERTICAL CARTABLE STARS"},"content":{"rendered":"<p style=\"text-align: left;\">en canevas polyester recycl\u00e9 enduit (imperm\u00e9able) et matelass\u00e9 au dos,<\/p>\n<p style=\"text-align: left;\">\u00a0bretelles r\u00e9glables avec pads \u00e9paules, poign\u00e9e en cuir naturel\u00a0et sangles, fermoir m\u00e9tal recouverts par de straps\u00a0 en\u00a0cuir naturel.<\/p>\n<p style=\"text-align: left;\">2 poches plaqu\u00e9es frontales. \u00c0 l&#8217;int\u00e9rieur, s\u00e9paration avec poche zipp\u00e9e.<\/p>\n<p style=\"box-sizing: inherit; margin-top: 0px; margin-bottom: 1rem; font-size: 15px; font-family: Abel, sans-serif; text-align: left;\">taille 35cm x 30cm x 14cm<\/p>\n<p style=\"text-align: left;\"><span style=\"font-family: Abel, sans-serif; font-size: 15px;\">*emballage r\u00e9utilisable en coton bio<\/span><\/p>\n","protected":false},"excerpt":{"rendered":"<div id=\"product-description-short-387\">\n<p style=\"box-sizing: inherit; margin-top: 0px; margin-bottom: 1rem; font-size: 15px; font-family: Abel, sans-serif; text-align: left;\">Cartable vertical ergonomique con\u00e7u pour la primaire a partir du CP.<\/p>\n<p style=\"box-sizing: inherit; margin-top: 0px; margin-bottom: 1rem; font-size: 15px; font-family: Abel, sans-serif; text-align: left;\">Son format allong\u00e9 suit la morphologie de votre enfant pour un plus grand confort.<\/p>\n<p style=\"box-sizing: inherit; margin-top: 0px; margin-bottom: 1rem; font-size: 15px; font-family: Abel, sans-serif; text-align: left;\">Contient les formats cahiers A4 et les classeurs 24x32cm<\/p>\n<\/div>\n","protected":false},"featured_media":9323,"comment_status":"open","ping_status":"closed","template":"","meta":[],"product_cat":[30,102,38,116,124,52,34,56,62,186,196,198],"product_tag":[],"acf":[],"yoast_head":"<!-- This site is optimized with the Yoast SEO plugin v21.9 - https:\/\/yoast.com\/wordpress\/plugins\/seo\/ -->\n<title>VERTICAL CARTABLE STARS - JOJO Factory<\/title>\n<meta name=\"description\" content=\"Cartable vertical ergonomique con\u00e7u pour la primaire a partir du CP. Son format allong\u00e9 suit la morphologie de votre enfant pour un plus grand confort.\" \/>\n<meta name=\"robots\" content=\"index, follow, max-snippet:-1, max-image-preview:large, max-video-preview:-1\" \/>\n<link rel=\"canonical\" href=\"https:\/\/in-my-world.com\/5-jojo\/produit\/vertical-cartable-stars\/\" \/>\n<meta property=\"og:locale\" content=\"fr_FR\" \/>\n<meta property=\"og:type\" content=\"article\" \/>\n<meta property=\"og:title\" content=\"VERTICAL CARTABLE STARS - JOJO Factory\" \/>\n<meta property=\"og:description\" content=\"Cartable vertical ergonomique con\u00e7u pour la primaire a partir du CP. Son format allong\u00e9 suit la morphologie de votre enfant pour un plus grand confort.\" \/>\n<meta property=\"og:url\" content=\"https:\/\/in-my-world.com\/5-jojo\/produit\/vertical-cartable-stars\/\" \/>\n<meta property=\"og:site_name\" content=\"JOJO Factory\" \/>\n<meta property=\"article:publisher\" content=\"https:\/\/www.facebook.com\/p\/Jojo-Factory-100067143638106\/\" \/>\n<meta property=\"article:modified_time\" content=\"2024-01-03T13:12:36+00:00\" \/>\n<meta property=\"og:image\" content=\"https:\/\/in-my-world.com\/5-jojo\/wp-content\/uploads\/2023\/05\/VERTICAL-CARTABLE-STARS-FRONT-3760297784416-.jpg\" \/>\n\t<meta property=\"og:image:width\" content=\"528\" \/>\n\t<meta property=\"og:image:height\" content=\"528\" \/>\n\t<meta property=\"og:image:type\" content=\"image\/jpeg\" \/>\n<meta name=\"twitter:card\" content=\"summary_large_image\" \/>\n<meta name=\"twitter:label1\" content=\"Dur\u00e9e de lecture estim\u00e9e\" \/>\n\t<meta name=\"twitter:data1\" content=\"1 minute\" \/>\n<script type=\"application\/ld+json\" class=\"yoast-schema-graph\">{\"@context\":\"https:\/\/schema.org\",\"@graph\":[{\"@type\":\"WebPage\",\"@id\":\"https:\/\/in-my-world.com\/5-jojo\/produit\/vertical-cartable-stars\/\",\"url\":\"https:\/\/in-my-world.com\/5-jojo\/produit\/vertical-cartable-stars\/\",\"name\":\"VERTICAL CARTABLE STARS - JOJO Factory\",\"isPartOf\":{\"@id\":\"https:\/\/in-my-world.com\/5-jojo\/#website\"},\"datePublished\":\"2023-05-22T09:29:06+00:00\",\"dateModified\":\"2024-01-03T13:12:36+00:00\",\"description\":\"Cartable vertical ergonomique con\u00e7u pour la primaire a partir du CP. Son format allong\u00e9 suit la morphologie de votre enfant pour un plus grand confort.\",\"breadcrumb\":{\"@id\":\"https:\/\/in-my-world.com\/5-jojo\/produit\/vertical-cartable-stars\/#breadcrumb\"},\"inLanguage\":\"fr-FR\",\"potentialAction\":[{\"@type\":\"ReadAction\",\"target\":[\"https:\/\/in-my-world.com\/5-jojo\/produit\/vertical-cartable-stars\/\"]}]},{\"@type\":\"BreadcrumbList\",\"@id\":\"https:\/\/in-my-world.com\/5-jojo\/produit\/vertical-cartable-stars\/#breadcrumb\",\"itemListElement\":[{\"@type\":\"ListItem\",\"position\":1,\"name\":\"Accueil\",\"item\":\"https:\/\/in-my-world.com\/5-jojo\/\"},{\"@type\":\"ListItem\",\"position\":2,\"name\":\"Boutique\",\"item\":\"https:\/\/in-my-world.com\/5-jojo\/boutique-2\/\"},{\"@type\":\"ListItem\",\"position\":3,\"name\":\"VERTICAL CARTABLE STARS\"}]},{\"@type\":\"WebSite\",\"@id\":\"https:\/\/in-my-world.com\/5-jojo\/#website\",\"url\":\"https:\/\/in-my-world.com\/5-jojo\/\",\"name\":\"JOJO Factory\",\"description\":\"\",\"publisher\":{\"@id\":\"https:\/\/in-my-world.com\/5-jojo\/#organization\"},\"potentialAction\":[{\"@type\":\"SearchAction\",\"target\":{\"@type\":\"EntryPoint\",\"urlTemplate\":\"https:\/\/in-my-world.com\/5-jojo\/?s={search_term_string}\"},\"query-input\":\"required name=search_term_string\"}],\"inLanguage\":\"fr-FR\"},{\"@type\":\"Organization\",\"@id\":\"https:\/\/in-my-world.com\/5-jojo\/#organization\",\"name\":\"JOJO Factory\",\"url\":\"https:\/\/in-my-world.com\/5-jojo\/\",\"logo\":{\"@type\":\"ImageObject\",\"inLanguage\":\"fr-FR\",\"@id\":\"https:\/\/in-my-world.com\/5-jojo\/#\/schema\/logo\/image\/\",\"url\":\"https:\/\/in-my-world.com\/5-jojo\/wp-content\/uploads\/2023\/11\/cropped-favicon-jojo-factory.jpg\",\"contentUrl\":\"https:\/\/in-my-world.com\/5-jojo\/wp-content\/uploads\/2023\/11\/cropped-favicon-jojo-factory.jpg\",\"width\":512,\"height\":512,\"caption\":\"JOJO Factory\"},\"image\":{\"@id\":\"https:\/\/in-my-world.com\/5-jojo\/#\/schema\/logo\/image\/\"},\"sameAs\":[\"https:\/\/www.facebook.com\/p\/Jojo-Factory-100067143638106\/\",\"https:\/\/www.instagram.com\/jojofactory\/\"]}]}<\/script>\n<!-- \/ Yoast SEO plugin. -->","yoast_head_json":{"title":"VERTICAL CARTABLE STARS - JOJO Factory","description":"Cartable vertical ergonomique con\u00e7u pour la primaire a partir du CP. Son format allong\u00e9 suit la morphologie de votre enfant pour un plus grand confort.","robots":{"index":"index","follow":"follow","max-snippet":"max-snippet:-1","max-image-preview":"max-image-preview:large","max-video-preview":"max-video-preview:-1"},"canonical":"https:\/\/in-my-world.com\/5-jojo\/produit\/vertical-cartable-stars\/","og_locale":"fr_FR","og_type":"article","og_title":"VERTICAL CARTABLE STARS - JOJO Factory","og_description":"Cartable vertical ergonomique con\u00e7u pour la primaire a partir du CP. Son format allong\u00e9 suit la morphologie de votre enfant pour un plus grand confort.","og_url":"https:\/\/in-my-world.com\/5-jojo\/produit\/vertical-cartable-stars\/","og_site_name":"JOJO Factory","article_publisher":"https:\/\/www.facebook.com\/p\/Jojo-Factory-100067143638106\/","article_modified_time":"2024-01-03T13:12:36+00:00","og_image":[{"width":528,"height":528,"url":"https:\/\/in-my-world.com\/5-jojo\/wp-content\/uploads\/2023\/05\/VERTICAL-CARTABLE-STARS-FRONT-3760297784416-.jpg","type":"image\/jpeg"}],"twitter_card":"summary_large_image","twitter_misc":{"Dur\u00e9e de lecture estim\u00e9e":"1 minute"},"schema":{"@context":"https:\/\/schema.org","@graph":[{"@type":"WebPage","@id":"https:\/\/in-my-world.com\/5-jojo\/produit\/vertical-cartable-stars\/","url":"https:\/\/in-my-world.com\/5-jojo\/produit\/vertical-cartable-stars\/","name":"VERTICAL CARTABLE STARS - JOJO Factory","isPartOf":{"@id":"https:\/\/in-my-world.com\/5-jojo\/#website"},"datePublished":"2023-05-22T09:29:06+00:00","dateModified":"2024-01-03T13:12:36+00:00","description":"Cartable vertical ergonomique con\u00e7u pour la primaire a partir du CP. Son format allong\u00e9 suit la morphologie de votre enfant pour un plus grand confort.","breadcrumb":{"@id":"https:\/\/in-my-world.com\/5-jojo\/produit\/vertical-cartable-stars\/#breadcrumb"},"inLanguage":"fr-FR","potentialAction":[{"@type":"ReadAction","target":["https:\/\/in-my-world.com\/5-jojo\/produit\/vertical-cartable-stars\/"]}]},{"@type":"BreadcrumbList","@id":"https:\/\/in-my-world.com\/5-jojo\/produit\/vertical-cartable-stars\/#breadcrumb","itemListElement":[{"@type":"ListItem","position":1,"name":"Accueil","item":"https:\/\/in-my-world.com\/5-jojo\/"},{"@type":"ListItem","position":2,"name":"Boutique","item":"https:\/\/in-my-world.com\/5-jojo\/boutique-2\/"},{"@type":"ListItem","position":3,"name":"VERTICAL CARTABLE STARS"}]},{"@type":"WebSite","@id":"https:\/\/in-my-world.com\/5-jojo\/#website","url":"https:\/\/in-my-world.com\/5-jojo\/","name":"JOJO Factory","description":"","publisher":{"@id":"https:\/\/in-my-world.com\/5-jojo\/#organization"},"potentialAction":[{"@type":"SearchAction","target":{"@type":"EntryPoint","urlTemplate":"https:\/\/in-my-world.com\/5-jojo\/?s={search_term_string}"},"query-input":"required name=search_term_string"}],"inLanguage":"fr-FR"},{"@type":"Organization","@id":"https:\/\/in-my-world.com\/5-jojo\/#organization","name":"JOJO Factory","url":"https:\/\/in-my-world.com\/5-jojo\/","logo":{"@type":"ImageObject","inLanguage":"fr-FR","@id":"https:\/\/in-my-world.com\/5-jojo\/#\/schema\/logo\/image\/","url":"https:\/\/in-my-world.com\/5-jojo\/wp-content\/uploads\/2023\/11\/cropped-favicon-jojo-factory.jpg","contentUrl":"https:\/\/in-my-world.com\/5-jojo\/wp-content\/uploads\/2023\/11\/cropped-favicon-jojo-factory.jpg","width":512,"height":512,"caption":"JOJO Factory"},"image":{"@id":"https:\/\/in-my-world.com\/5-jojo\/#\/schema\/logo\/image\/"},"sameAs":["https:\/\/www.facebook.com\/p\/Jojo-Factory-100067143638106\/","https:\/\/www.instagram.com\/jojofactory\/"]}]}},"_links":{"self":[{"href":"https:\/\/in-my-world.com\/5-jojo\/wp-json\/wp\/v2\/product\/2264"}],"collection":[{"href":"https:\/\/in-my-world.com\/5-jojo\/wp-json\/wp\/v2\/product"}],"about":[{"href":"https:\/\/in-my-world.com\/5-jojo\/wp-json\/wp\/v2\/types\/product"}],"replies":[{"embeddable":true,"href":"https:\/\/in-my-world.com\/5-jojo\/wp-json\/wp\/v2\/comments?post=2264"}],"wp:featuredmedia":[{"embeddable":true,"href":"https:\/\/in-my-world.com\/5-jojo\/wp-json\/wp\/v2\/media\/9323"}],"wp:attachment":[{"href":"https:\/\/in-my-world.com\/5-jojo\/wp-json\/wp\/v2\/media?parent=2264"}],"wp:term":[{"taxonomy":"product_cat","embeddable":true,"href":"https:\/\/in-my-world.com\/5-jojo\/wp-json\/wp\/v2\/product_cat?post=2264"},{"taxonomy":"product_tag","embeddable":true,"href":"https:\/\/in-my-world.com\/5-jojo\/wp-json\/wp\/v2\/product_tag?post=2264"}],"curies":[{"name":"wp","href":"https:\/\/api.w.org\/{rel}","templated":true}]}}

<p style="text-align: left;">en canevas polyester recyclé enduit (imperméable) et matelassé au dos,</p>
<p style="text-align: left;"> bretelles réglables avec pads épaules, poignée en cuir naturel et sangles, fermoir métal recouverts par de straps  en cuir naturel.</p>
<p style="text-align: left;">2 poches plaquées frontales. À l&#8217;intérieur, séparation avec poche zippée.</p>
<p style="box-sizing: inherit; margin-top: 0px; margin-bottom: 1rem; font-size: 15px; font-family: Abel, sans-serif; text-align: left;">taille 35cm x 30cm x 14cm</p>
<p style="text-align: left;"><span style="font-family: Abel, sans-serif; font-size: 15px;">*emballage réutilisable en coton bio</span></p>

<div id="product-description-short-387">
<p style="box-sizing: inherit; margin-top: 0px; margin-bottom: 1rem; font-size: 15px; font-family: Abel, sans-serif; text-align: left;">Cartable vertical ergonomique conçu pour la primaire a partir du CP.</p>
<p style="box-sizing: inherit; margin-top: 0px; margin-bottom: 1rem; font-size: 15px; font-family: Abel, sans-serif; text-align: left;">Son format allongé suit la morphologie de votre enfant pour un plus grand confort.</p>
<p style="box-sizing: inherit; margin-top: 0px; margin-bottom: 1rem; font-size: 15px; font-family: Abel, sans-serif; text-align: left;">Contient les formats cahiers A4 et les classeurs 24x32cm</p>
</div>

<!-- This site is optimized with the Yoast SEO plugin v21.9 - https://yoast.com/wordpress/plugins/seo/ -->
<title>VERTICAL CARTABLE STARS - JOJO Factory</title>
<meta name="description" content="Cartable vertical ergonomique conçu pour la primaire a partir du CP. Son format allongé suit la morphologie de votre enfant pour un plus grand confort." />
<meta name="robots" content="index, follow, max-snippet:-1, max-image-preview:large, max-video-preview:-1" />
<link rel="canonical" href="https://in-my-world.com/5-jojo/produit/vertical-cartable-stars/" />
<meta property="og:locale" content="fr_FR" />
<meta property="og:type" content="article" />
<meta property="og:title" content="VERTICAL CARTABLE STARS - JOJO Factory" />
<meta property="og:description" content="Cartable vertical ergonomique conçu pour la primaire a partir du CP. Son format allongé suit la morphologie de votre enfant pour un plus grand confort." />
<meta property="og:url" content="https://in-my-world.com/5-jojo/produit/vertical-cartable-stars/" />
<meta property="og:site_name" content="JOJO Factory" />
<meta property="article:publisher" content="https://www.facebook.com/p/Jojo-Factory-100067143638106/" />
<meta property="article:modified_time" content="2024-01-03T13:12:36+00:00" />
<meta property="og:image" content="https://in-my-world.com/5-jojo/wp-content/uploads/2023/05/VERTICAL-CARTABLE-STARS-FRONT-3760297784416-.jpg" />
	<meta property="og:image:width" content="528" />
	<meta property="og:image:height" content="528" />
	<meta property="og:image:type" content="image/jpeg" />
<meta name="twitter:card" content="summary_large_image" />
<meta name="twitter:label1" content="Durée de lecture estimée" />
	<meta name="twitter:data1" content="1 minute" />
<script type="application/ld+json" class="yoast-schema-graph">{"@context":"https://schema.org","@graph":[{"@type":"WebPage","@id":"https://in-my-world.com/5-jojo/produit/vertical-cartable-stars/","url":"https://in-my-world.com/5-jojo/produit/vertical-cartable-stars/","name":"VERTICAL CARTABLE STARS - JOJO Factory","isPartOf":{"@id":"https://in-my-world.com/5-jojo/#website"},"datePublished":"2023-05-22T09:29:06+00:00","dateModified":"2024-01-03T13:12:36+00:00","description":"Cartable vertical ergonomique conçu pour la primaire a partir du CP. Son format allongé suit la morphologie de votre enfant pour un plus grand confort.","breadcrumb":{"@id":"https://in-my-world.com/5-jojo/produit/vertical-cartable-stars/#breadcrumb"},"inLanguage":"fr-FR","potentialAction":[{"@type":"ReadAction","target":["https://in-my-world.com/5-jojo/produit/vertical-cartable-stars/"]}]},{"@type":"BreadcrumbList","@id":"https://in-my-world.com/5-jojo/produit/vertical-cartable-stars/#breadcrumb","itemListElement":[{"@type":"ListItem","position":1,"name":"Accueil","item":"https://in-my-world.com/5-jojo/"},{"@type":"ListItem","position":2,"name":"Boutique","item":"https://in-my-world.com/5-jojo/boutique-2/"},{"@type":"ListItem","position":3,"name":"VERTICAL CARTABLE STARS"}]},{"@type":"WebSite","@id":"https://in-my-world.com/5-jojo/#website","url":"https://in-my-world.com/5-jojo/","name":"JOJO Factory","description":"","publisher":{"@id":"https://in-my-world.com/5-jojo/#organization"},"potentialAction":[{"@type":"SearchAction","target":{"@type":"EntryPoint","urlTemplate":"https://in-my-world.com/5-jojo/?s={search_term_string}"},"query-input":"required name=search_term_string"}],"inLanguage":"fr-FR"},{"@type":"Organization","@id":"https://in-my-world.com/5-jojo/#organization","name":"JOJO Factory","url":"https://in-my-world.com/5-jojo/","logo":{"@type":"ImageObject","inLanguage":"fr-FR","@id":"https://in-my-world.com/5-jojo/#/schema/logo/image/","url":"https://in-my-world.com/5-jojo/wp-content/uploads/2023/11/cropped-favicon-jojo-factory.jpg","contentUrl":"https://in-my-world.com/5-jojo/wp-content/uploads/2023/11/cropped-favicon-jojo-factory.jpg","width":512,"height":512,"caption":"JOJO Factory"},"image":{"@id":"https://in-my-world.com/5-jojo/#/schema/logo/image/"},"sameAs":["https://www.facebook.com/p/Jojo-Factory-100067143638106/","https://www.instagram.com/jojofactory/"]}]}</script>
<!-- / Yoast SEO plugin. -->

Cartable vertical ergonomique conçu pour la primaire a partir du CP. Son format allongé suit la morphologie de votre enfant pour un plus grand confort.
